
7
Suppose 30 = 5*v - 2*v. What is the tens digit of 136/v - (-2)/5?
1
Let y = -2 - -10. What is the units digit of y?
8
Let o(l) = -2*l**2 - l + 4. Let c be o(-4). Let h = c - -34. What is the tens digit of h?
1
Let x(f) = 2*f - 3*f**2 + 2*f**2 + 0*f**2 - f + 13. What is the tens digit of x(0)?
1
Let k(p) = -p. Let s(j) = -j + 9. Let y be s(6). Suppose -2*z + 15 = -y*w - 0*z, -z = -w - 6. What is the units digit of k(w)?
3
Suppose -4*r - 5*w + 32 = -w, 0 = 4*r - 4*w. Let c(x) = -x - x + r - 5 - 2. What is the units digit of c(-4)?
5
Suppose -54 = -2*j + 2*c, j - 7 = -3*c - c. Suppose 4*d - 101 = -3*b, d - j = -2*b + 36. What is the tens digit of b?
2
Suppose -44 = -6*d + 5*d. What is the tens digit of d?
4
Suppose -4*j = 4*l - 220, 4*l = -5*j + 227 + 46. What is the tens digit of j?
5
Suppose 4*v - 64 = 4*c, 3*v + 7*c - 3*c = 76. Suppose 0 = 4*z + 5 + 15. What is the units digit of 34/8 + z/v?
4
Let a = -2 + -1. Let b(r) = r**3 + 2*r**2 + 3*r - 1. Let c be b(a). Let j = 31 + c. What is the tens digit of j?
1
Let z(y) = -y + 4. Let t(j) = 2*j + 12. Let v be t(-10). What is the units digit of z(v)?
2
Let z = -34 - -74. What is the units digit of z?
0
Suppose h - 6 = -0*h. Suppose w - h = -3. What is the units digit of w?
3
Suppose -2*l = l - 12. Suppose -5*d + 3*d + 40 = 0. Suppose -l*w - w = -d. What is the units digit of w?
4
Suppose 0 = 5*z - 6 - 4. Suppose -3*b + z*b + 5*a - 14 = 0, 0 = b + a - 16. Let f = -7 + b. What is the units digit of f?
4
Suppose -12 = -3*d, 0 = -4*q + d - 5*d + 1260. What is the units digit of q?
1
Let j(o) = -3*o**3 - 5*o**2 - o - 17. What is the tens digit of j(-4)?
9
Let r(p) = 11 - 3*p + 2 + 18. Let q(a) = a - 10. Let o(f) = -7*q(f) - 2*r(f). What is the units digit of o(6)?
2
Suppose 5*b = 3*b. Suppose -o + 1 = -b. What is the units digit of o?
1
Let m = -3 - -2. Let h be -2 + 0 - 5/m. Suppose 4*b = -h*x - 14 + 35, -29 = -b + 4*x. What is the units digit of b?
9
Suppose 2*h = -2*h + 12. Let r = h + 22. What is the units digit of r?
5
Suppose 0 = -3*o + 108 + 78. What is the tens digit of o?
6
Let i(h) = -h**2 - 6*h + 7. Let l(p) = 2*p**2 - 2. Let k be l(2). Suppose 0*b + k = -b. What is the units digit of i(b)?
7
Suppose -33 = -0*b - 3*b. Let n(s) = s. What is the units digit of n(b)?
1
Suppose 3*c + 0*o = 4*o + 104, 0 = c + 3*o - 26. Let a = 46 - c. What is the units digit of a?
4
Suppose -3*r + 115 = 2*r. What is the units digit of r?
3
Let n = 1 + -1. Let s be (2/5)/(1/5). Suppose n*v = -v + s. What is the units digit of v?
2
What is the units digit of (2*1)/(9/36)?
8
Let w(k) = 3*k - 3. Let u be w(5). Let l = u - 7. Let s(m) = m - 2. What is the units digit of s(l)?
3
Suppose 4 = -4*k, 2*a - 3*k - 138 + 3 = 0. What is the units digit of a?
6
Suppose -2*y + 3 = 1. Suppose -5*c - 3*o - 22 = 0, 2*c - 3*o - 12 = -4. What is the units digit of (2/(-1) + y)*c?
2
What is the units digit of 34/4 - 3/2?
7
Let b = -11 - -15. Suppose -672 = -b*f + 4*j, 2*f - 7*f - 2*j + 812 = 0. What is the units digit of f/20 + 2/(-10)?
8
Let d(f) = 5*f**2 - 3. Let w = -16 - -19. What is the units digit of d(w)?
2
Suppose 0 = -i + 2*i. Let z = 6 + i. What is the units digit of z?
6
Let b be 0 - -1 - 2/(-1). Let a(m) = -m**2 - 2*m + 3. Let h be a(b). What is the units digit of (h/15)/(1/(-5))?
4
Suppose 5*l = -3*k - 17, -2*k - 2*k + l - 61 = 0. Let g be (-8)/(-6) + (-2)/(-3). What is the units digit of g + -1 + k/(-2)?
8
Suppose 3 = -3*m, -3*j + m + 7 + 6 = 0. Let v(u) = -u**3 + 6*u**2 - 4*u. What is the tens digit of v(j)?
1
Let m(u) = -u - 1. Let p be m(-4). Let n = p - 7. Let q = -2 - n. What is the units digit of q?
2
Suppose 0 = 2*z + 4*a - 8*a - 52, 0 = -z + 5*a + 41. Let g = z + -9. What is the units digit of g/2 + 3/6?
4
Let b(p) be the first derivative of -p**2 - 19*p - 4. What is the units digit of b(-14)?
9
Suppose 5*v = -0*v + 355. Suppose 0 = -4*r - r + 55. Suppose 0 = -4*d - r + v. What is the units digit of d?
5
What is the units digit of 9 + (-4)/(-8)*-8?
5
Let f = 78 + -4. What is the tens digit of f?
7
Suppose o - 2*d - 17 = 2*o, 0 = d + 1. Let r(l) = -33*l**3. Let x be r(1). Let f = o - x. What is the tens digit of f?
1
Let p be (0/(-2))/(-1 - -4). Suppose -5*l + 0*l + 75 = p. What is the tens digit of l?
1
Let g(f) = 5*f + 3. Suppose -2 + 8 = k. What is the tens digit of g(k)?
3
Let m = 29 + 1. What is the units digit of m?
0
Let a(z) = z**2 - 4*z + 3. Suppose -3*x = -2*x - 5. What is the units digit of a(x)?
8
Let i(r) = 18*r**2 + r. Let f(s) = s**3 - 6*s**2 + 5*s + 1. Let u be f(5). What is the units digit of i(u)?
9
Let u(v) = v**3 + v**2 + v + 1. Let p(m) = 4*m**3 + 2*m**2 + 6*m + 7. Let q(t) = p(t) - 3*u(t). What is the tens digit of q(3)?
3
Let o = 7 - -1. Let z = o - 3. Let l = -4 + z. What is the units digit of l?
1
Suppose -4*l + 10 = -3*l + 2*b, 3*l + 10 = 2*b. Suppose l = -2*m + 9 + 11. What is the units digit of m?
0
Suppose 0 = -o - 0*o + 187. What is the hundreds digit of o?
1
Suppose 5*p + 4*n = 2*p + 880, 3*p - 3*n = 894. What is the tens digit of p?
9
Let p(t) = 3*t - 3. Let j(z) = -z**2 - 6*z. Let h be j(-5). Suppose 0*g = g - h. What is the units digit of p(g)?
2
What is the units digit of 8*(6/4)/3?
4
Let x(m) be the first derivative of m**4/4 - 3*m**3 - 3*m**2 - 2*m - 8. What is the units digit of x(10)?
8
Let v be (-3 - (-39)/(-9))*3. Let d = 39 + v. Suppose -4*c - 19 = -3*o + d, 0 = -3*c. What is the units digit of o?
2
Let q(x) = -x**3 + 3*x**2 + x + 1. Let c be q(3). Suppose 8 = c*r - 32. What is the units digit of r?
0
Let o = 11 + 13. Suppose -o = -4*d - 0*d. Let p = 13 - d. What is the units digit of p?
7
Suppose 4*n = 5*v + 20, -n - v = -2*n + 4. Let t = n - -9. What is the units digit of t?
9
Let t(w) be the second derivative of -49*w**5/20 - w**4/12 + w**2/2 + 9*w. What is the units digit of t(-1)?
9
Suppose -v + 40 - 13 = 0. What is the units digit of v?
7
Let r be 9*2/6*-2. Let y(f) = f**3 + 8*f**2 + 8*f - 1. What is the tens digit of y(r)?
2
Suppose -5*h + 10*h = 310. Let g = h + -42. What is the tens digit of g?
2
Suppose 4*w + 90 = 7*w. What is the units digit of w?
0
Let a = -10 - -18. Let r(z) = -z**2 + 7*z + 11. Let n be r(a). What is the tens digit of n*2/3 - -12?
1
Suppose 4*h + 36 = w, -70 - 140 = -5*w + 5*h. What is the units digit of w?
4
Let q(u) be the first derivative of -u**4/4 - 13*u**3/3 - 13*u**2/2 + 10*u + 7. What is the units digit of q(-12)?
2
Suppose -75 = -3*z + k, 4*z + 2*k - 94 = -4. What is the tens digit of z?
2
Suppose 5*w - 4*w + 2 = 0, 5*w = 5*g - 85. What is the tens digit of (162/g)/(6/20)?
3
Let a(g) = -g + 5. Let z(d) = -d**2. Let t(q) = a(q) + z(q). What is the units digit of t(0)?
5
Suppose -4*k + 0 = -12. What is the units digit of k?
3
Let l(n) = -n**3 + 2*n**2 + 3*n - 2. Let x be l(3). Let v(s) = s**2 + 3*s + 1. Let d be v(x). Let c(g) = 7*g**2 + g + 1. What is the units digit of c(d)?
7
Let b be 1/4 + 357/28. Let l = 30 - b. What is the tens digit of l?
1
Let d(t) = 2*t**3 - 2*t**2 - t. Let q be d(2). Suppose 4*r = 6 + 194. Suppose -b - r = -q*b. What is the units digit of b?
0
Let k(c) = -7*c**2 - 8*c - 6. Let a(u) = 15*u**2 + 16*u + 12. Let g(r) = -6*a(r) - 13*k(r). What is the units digit of g(-8)?
6
Suppose 0 = 5*d - 0*d - 25. Suppose -14 = -d*i + 1. Let s(c) = 3*c**2 - 5*c + 2. What is the units digit of s(i)?
4
Let b = 60 - 22. What is the tens digit of b?
3
Suppose 0 = -3*q - 11 + 17. Suppose -4*k + 6 = -q*k. What is the units digit of k?
3
Let f(i) = -i**2 - 8*i + 3. Let b be f(-8). Suppose -3*n + 43 = -b*t + 5*t, -n - t + 14 = 0. What is the units digit of n?
5
Suppose 12 = 4*s, -4*k - s = -2*k - 515. What is the tens digit of k?
5
What is the tens digit of (-100)/(-2)*(14 + -13)?
5
Let p(f) = f**3 - 6*f**2 + 6*f - 1. Let h(x) = -5*x**3 + x**2 + 2*x + 1. Let b be h(-1). What is the units digit of p(b)?
4
Suppose -46 = -2*d - 2*c, -4*d - c - 30 = -134. Let j(z) = -z**3 - z + 3. Let q be j(0). Suppose -q*o - d = -3*t, 8 = t - 5*o - 1. What is the units digit of t?
9
Let x be ((-219)/6 - -2)*-2. Suppose -5*w + 7 = -k, -k + 4*k + 3*w = x. What is the tens digit of k?
1
Suppose -6*q = -2*q - 384. What is the tens digit of q?
9
Suppose 3*x - 2*s - 106 = 0, 0 = -x + s - 20 + 54. What is the units digit of x?
8
Suppose -11*w + 7*w = -12.